 divisor of p and f?
6
Suppose 4*k + 4*m - 1 = 51, 5*m = 2*k - 40. What is the greatest common divisor of k and 25?
5
Suppose -1432 = -25*s - 307. What is the highest common factor of 105 and s?
15
Let v be 595/21 - 6/(-9). Suppose 6*l - v = 25. What is the greatest common factor of l and 6?
3
Suppose 2*s + 9 = 2*y + 25, -5*y = -2*s + 25. Let t be -18*(12/8)/y. Calculate the greatest common factor of t and 9.
9
Let h = 13 - 7. Let b = -10 - -16. What is the greatest common divisor of h and b?
6
Let l be -3*(10/6 - 536/12). Calculate the greatest common factor of l and 3.
3
Suppose -7*z + 66 + 53 = 0. Calculate the highest common factor of z and 102.
17
Suppose 168 + 56 = 2*c. Calculate the highest common divisor of c and 140.
28
Let r = -1077 - -1079. What is the greatest common divisor of 242 and r?
2
Suppose -2*p = 2*p - 5*u - 906, -2*p - 5*u = -468. Suppose p = -2*k + 89. Let a be -2*(k/4)/7. What is the highest common divisor of a and 40?
5
Let w(b) = 18*b + 217. Let j be w(-12). What is the highest common divisor of j and 97?
1
Let c(y) = 3*y**2 + 5*y + 64. Let d be c(-8). What is the highest common factor of 24 and d?
24
Let i = 173 + -169. Let y(j) = -j + 2. Let u be y(1). What is the greatest common divisor of u and i?
1
Let x(h) = -2*h - 36. Let m be x(-19). Let t = 2 + -10. Let n(k) = -k**2 - 8*k + 4. Let y be n(t). What is the highest common divisor of y and m?
2
Suppose -22*k + 801 = -827. Calculate the highest common divisor of 37 and k.
37
Let o = 1327 - 247. Suppose -o = -10*q + 4*q. Calculate the highest common factor of 72 and q.
36
Suppose -23*p + 29*p - 144 = 0. Let u = 3 - -2. Let f be 60/9*6/u. What is the greatest common divisor of f and p?
8
Let z(i) = 17*i + 99. Let x be z(-4). What is the highest common factor of 1 and x?
1
Let m(f) be the third derivative of 0 + 3*f**2 + 1/3*f**4 + 1/60*f**5 + 5/3*f**3 + 0*f. Let w be m(-8). Calculate the highest common factor of 80 and w.
10
Let t be (6/5)/((-114)/(-2090)). Let q = -13 + 24. What is the highest common factor of q and t?
11
Suppose 0 = 4*f + 6*f + 830. Let r = f - -116. Calculate the greatest common divisor of r and 22.
11
Suppose -1 - 1 = l, 3*o + l = 214. Calculate the highest common divisor of o and 84.
12
Let b = 49 + -11. Calculate the greatest common divisor of b and 4.
2
Suppose c = -0 + 2. Suppose -437 = -5*j - 4*i, -2*j + 191 = c*i + 15. Suppose -z - 10 + j = 0. Calculate the greatest common factor of z and 15.
15
Suppose -10*d = -7 - 23. What is the greatest common divisor of 81 and d?
3
Let o be 1276 - (-1)/(33/(-6) + 5). Calculate the greatest common factor of o and 26.
26
Let b be (-2)/(36/21 - 2). Suppose 7*a - 235 = 2*a. Let x = a - 19. What is the greatest common divisor of x and b?
7
Suppose 0 = 4*x - 0 - 4, 3*b - 38 = x. Suppose 15*m = b*m + 6. What is the greatest common factor of m and 12?
3
Let k be 1/((-23)/(-12) + -2). Let t be 6/8 + (-1143)/k. Suppose 40 = 4*l + 2*q - 8, -2*l + q = -24. What is the greatest common factor of l and t?
12
Let y be 24/(-8)*85/(-15). Calculate the highest common factor of y and 136.
17
Suppose -5*j + 1157 = 20*q - 21*q, -3*j - q + 699 = 0. What is the greatest common divisor of j and 16?
8
Let r be ((-4)/3)/((-2)/231). Let u = 7 - -7. What is the highest common divisor of u and r?
14
Suppose -3*x - 13 - 1 = v, 2*v = 4*x - 38. Let h(i) = -3*i**2 + 2. Let r be h(-2). Let o = r - v. Calculate the greatest common factor of o and 14.
7
Suppose 6 = -17*y + 20*y. Suppose 4*q - b - 75 = 0, -3*q - y*b + 70 = -0*q. Calculate the greatest common divisor of 8 and q.
4
Let f(m) = -m**2 - 6*m + 12. Let j be f(-7). Suppose 0*g + 2*g + 16 = 2*o, -4*o + 68 = j*g. What is the highest common factor of o and 18?
6
Let o = -484 + 614. What is the highest common factor of o and 26?
26
Suppose -73 = f - 83. Suppose -3*d + 133 = -17. What is the highest common divisor of f and d?
10
Let l be 2/(-9) + (-21840)/(-1080). What is the greatest common factor of 1180 and l?
20
Suppose 8*r = 2*r + 636. Suppose 0 = -110*t + r*t + 444. What is the greatest common divisor of 37 and t?
37
Let p be -2 + -2 + (-123)/3 + 1. Let u = p - -45. Calculate the highest common factor of u and 1.
1
Suppose -214 = -5*g + 4*s + 541, 25 = -5*s. Calculate the greatest common divisor of g and 84.
21
Let j(m) = -12*m. Let o be j(-5). Suppose -3*r + o = -39. Let g = 13 - 2. Calculate the greatest common factor of r and g.
11
Suppose 23*h - 360 = 123. Calculate the highest common factor of 5 and h.
1
Let q(t) = 52*t - 29. Let x(v) = 157*v - 88. Let k(r) = 17*q(r) - 6*x(r). Let i be k(-3). Calculate the highest common factor of i and 19.
19
Suppose -207 = -4*z - 30*d + 31*d, -2*d = -4*z + 206. What is the greatest common divisor of 572 and z?
52
Suppose 4*j + p = 321, 2*p - 60 = -j + 15. Suppose 4*a = j + 51. Calculate the highest common factor of a and 3.
3
Suppose 11*c = 8*c - 183. Let l = -25 - c. What is the greatest common factor of 9 and l?
9
Let l(u) = 2*u. Let g be l(1). Suppose -2*w + g*v = -364, 4*w - 723 = 4*v + v. Suppose 34*o - 19*o - 72 = 183. What is the greatest common divisor of w and o?
17
Suppose 0 = -4*j - 20, -u + 3*j - 7*j = -160. Calculate the highest common divisor of u and 20.
20
Let f(r) = 37*r**2. Let j be f(-1). Let t = j - 19. Calculate the highest common factor of 6 and t.
6
Let x be ((-3)/9)/(9/(-162)). Suppose -260 = y - x*y. What is the greatest common factor of 39 and y?
13
Let t(x) = 14*x - 3*x - 4 + 2 - 12*x. Let m be t(-4). Suppose m*c + 2*h = 15 - 1, -c = -h - 7. Calculate the highest common factor of c and 63.
7
Suppose -15 = c + 2*k, -2*c + k = 3*c + 20. Let p = c + 12. Suppose -28 + p = -3*f. What is the highest common factor of 21 and f?
7
Suppose 215 = 5*t + 5*c, -13*c = -5*t - 10*c + 231. Let k = -12 + 21. Calculate the highest common factor of k and t.
9
Let v(u) = -21*u + 16. Let o be v(-6). Let i = o - -23. Calculate the greatest common factor of 15 and i.
15
Suppose -l + 1 = 2*a - 8, 24 = 3*a + 5*l. Suppose 5*q - 166 = -a*j, 4*q = -5*j + 51 + 217. What is the greatest common divisor of 156 and j?
52
Let x be 1/(-5) - 549/(-45). What is the greatest common divisor of 9 and x?
3
Suppose 3*t = -3*d - 3, -3 = d + 2. Let h(r) = 6 + t*r - 8 + 2*r. Let a be h(2). What is the greatest common factor of a and 40?
10
Suppose 2*g + 25 = 3*g. Let p = -7 + g. Suppose 3*l - 3*v - 2*v = 27, 4*l - v = 36. Calculate the highest common divisor of l and p.
9
Let u be 591 + (13 - (6 + 0)). Calculate the greatest common divisor of u and 26.
26
Let a = 16 + -10. Let o be (-64)/(-6) - (-8)/a. Calculate the highest common divisor of o and 30.
6
Let k be 1*-2 + 312/12. Let v be k/(-36) - 140/(-3). Suppose -3*g - v = -5*g. Calculate the highest common factor of 23 and g.
23
Suppose 54*i = 44*i + 850. Calculate the highest common factor of i and 5.
5
Let a be 40/(-8)*(0 - 1). Suppose 1 = a*w - 4, 5*w + 227 = 4*v. Suppose 4*d - v = 278. Calculate the greatest common factor of d and 12.
12
Suppose 0 = 3*o + 2*v - 0*v - 56, 0 = 3*v - 12. Calculate the greatest common divisor of o and 16.
16
Let l(n) = 39*n**2 + 49*n + 208. Let a be l(-4). What is the highest common factor of a and 36?
12
Suppose 0 = 5*s, -12 = -3*n + 3*s + 66. Calculate the highest common factor of n and 26.
26
Let g(n) = -18*n - 350. Let q be g(-22). What is the greatest common divisor of 414 and q?
46
Suppose -34*m + 32*m = -90. Calculate the greatest common factor of m and 45.
45
Let b = -22 - -6. Let t be (-162)/(-8) - 1/4. Let x = b + t. What is the greatest common factor of 28 and x?
4
Let m be (16 - 1)/(25/75). What is the highest common divisor of 2205 and m?
45
Let f(t) be the third derivative of -t**6/120 - t**5/30 + t**4/8 + 7*t**3/6 - 2*t**2. Let c be f(-4). What is the greatest common factor of 6 and c?
3
Let o(m) = 5*m**3 + 2*m**2 - 3*m + 3. Let n = -14 - -1. Let j = -11 - n. Let u be o(j). What is the highest common divisor of 5 and u?
5
Suppose 0 = -8*s + 63 + 33. Suppose -19*o = -s*o - 119. What is the highest common factor of 119 and o?
17
Let o = 148 + -79. Suppose 0 = -2*r - 4, r = -4*g + 39 + 143. What is the highest common factor of o and g?
23
Let h(j) = -j**3 + 16*j**2 - 57*j - 5. Let f be h(10). What is the highest common divisor of 225 and f?
25
Let b(l) = -